-5)?
8
Let q = -3 - -1. Let i(j) = 2*j**2 + 2*j - 1. Let k be i(1). What is the units digit of k + q + 0/2?
1
Let u(y) be the first derivative of y**6/60 + y**5/120 + y**4/24 - 2*y**3/3 + 2. Let n(i) be the third derivative of u(i). What is the units digit of n(-1)?
6
Suppose g = 4*a + 14, 9 = 5*g - 2*a - 7. What is the units digit of 8/(-10)*(-20)/g?
8
Let x(n) be the first derivative of -2*n**2 + 6*n - 2 - 1/4*n**4 - 2*n**3. What is the units digit of x(-5)?
1
Suppose 2*t + t - 3 = 0. Let d be (t + 5)/(-3 + 2). Let r = 12 + d. What is the units digit of r?
6
Let u be -1 - 0 - (0 - 3). Suppose -2*l = -3*n + 4, 2*l = -n - u*n + 20. What is the units digit of n/(-18) + (-29)/(-9)?
3
Let r(w) = w**3 - 4*w**2 + w - 4. Let s be r(4). Let v = 15 - 5. Suppose -4*c - d + 15 = s, d + d = -v. What is the units digit of c?
5
Let k(v) = 8*v**2 + 6. What is the units digit of k(3)?
8
Suppose 4*t - 2*c - 60 = 0, 2*t = -4*c + 17 + 13. What is the units digit of t?
5
Let x be -1*(0 - 0/(-1)). Let p be x + 1 - (3 - 4). Suppose 7 = 5*t + 2*n, 5*t + 3*n = -p*n - 5. What is the units digit of t?
3
Suppose 6 = -2*r + l - 0, -r - 3*l = -4. What is the tens digit of (r - (0 + -3))*32?
3
Let s = -1 + 4. Suppose -d + s*c - 11 = d, -d = 2*c + 2. What is the units digit of (-1)/d + (-3)/(-4)?
1
Let a = 8 - 13. Let n = 0 - a. What is the units digit of n?
5
Let a(h) = 2*h**2 - h - 7. What is the tens digit of a(-3)?
1
Suppose -23 = -3*w + 2*w. What is the units digit of w?
3
What is the units digit of ((-2)/(-8))/(2/376)?
7
Let q = 0 - -1. Let m be 24/(2/q) - -1. Let c = m - 7. What is the units digit of c?
6
Suppose 40 = 5*j - 3*j. Suppose 70 - j = 5*t. What is the tens digit of t?
1
Let r = 40 + -21. What is the tens digit of r?
1
Let n(u) = -u**2 - 3*u + 3. What is the units digit of n(-3)?
3
Suppose -2*h = -z - h - 5, z + 10 = 2*h. Let d be z/5 - (1 - 1). Suppose d*w + 5*w = 85. What is the units digit of w?
7
Let c(d) = -6*d**3 + 2*d**2 - d + 2. Let p be c(2). Let u = p + 57. What is the tens digit of u?
1
Let r(y) be the third derivative of y**7/840 + y**6/360 - y**5/120 + y**3/6 + 2*y**2. Let t(m) be the first derivative of r(m). What is the units digit of t(1)?
1
Let q = 56 - -41. What is the units digit of q?
7
Suppose 4*j + 3*o = 23, -5*j - 3*o + 23 = -5*o. Suppose 27 + 38 = j*z. What is the tens digit of z?
1
Let u = -10 - -18. Let n = -7 + u. What is the units digit of n?
1
Let t(g) = g**2 + 4*g - 1. Let s be t(-5). Suppose -f = -s*f + 54. Suppose -5*y - f = -o - 3*y, o = -y + 24. What is the units digit of o?
2
What is the units digit of (6 + -5)*(1 + 60)?
1
Let q = -62 - -74. What is the units digit of q?
2
Let b(p) = 6*p**2 + 6*p - 6. What is the tens digit of b(4)?
1
Suppose 2*u = -s - 13, 4*u + 14 = 2*s - 0. Suppose 2*h - 5*h = 5*f - 82, 4*f = -h + 60. Let v = f + u. What is the units digit of v?
9
Suppose 2*z = -2*t - 4, -3*z = t - 0*z + 12. What is the units digit of 6 - (0 + t/(-3))?
7
Let a(y) = -y**2 + 4*y - 3. Let p be a(3). Let b = 8 + -6. Suppose p = 2*s + b*s - 20. What is the units digit of s?
5
What is the units digit of (-177)/(-3) + (-1 - 3)?
5
Suppose -3*p - 147 = -3*w, 3*w - 4*p - 187 + 40 = 0. Suppose 4*d = 4, 5*v + d + 3*d = w. What is the units digit of v?
9
What is the units digit of (-128)/(-3) + 4/(-6)?
2
Suppose -3*u + 5*p = 2, 5*u - 4*p = 3*u - 2. Suppose 4*n = u + 7. What is the units digit of (4 - 2/n) + -1?
2
Suppose -3*w = -0*w + 12. Let n = 2 - w. What is the units digit of n?
6
Let g(a) = -a**2 - 15*a + 1. What is the tens digit of g(-7)?
5
Let x(q) = -q**2 + 5*q + 2. Let r be x(5). Suppose 3*w = 5*i - 14, -3*i + 11 + 7 = -5*w. Suppose r*n = n + i. What is the units digit of n?
1
Let a(p) = -p**3 + 11*p**2 + 3*p + 11. Suppose -6 = 2*v - 28. What is the tens digit of a(v)?
4
Suppose 7 = -2*h + f, 4*f = 2*h - 0*h + 10. Let n(v) = -v**2 + 4*v**2 - v - 2*v**2 + 3. What is the units digit of n(h)?
5
Let r be 1*-6*(-6)/(-4). Let m = -6 - r. What is the units digit of m?
3
Let i = 8 + -5. What is the units digit of 910/21 + (-1)/i?
3
Let z(c) = 3*c + 7. Let n be z(7). Let i = n + -19. What is the units digit of i?
9
Let z(g) = g**3 - 4*g**2 - 4*g + 3. Let f be z(5). Let s = 6 + f. What is the units digit of s?
4
Let s = -20 + 41. What is the units digit of s?
1
Let l = 186 - 45. What is the units digit of l?
1
Let p(d) = -d**3 - 5*d**2 - d + 4. Let z be p(-6). Suppose -2*f - z = -b, 0 = 2*f - 3*b - 17 + 67. What is the units digit of (2 + 0)*f/(-4)?
1
What is the units digit of (2/(-4) + 0)*-82?
1
Suppose -q + 5 = 4*q. Let u be q/(-4 + 2)*-6. Suppose 2*s - 4 - 10 = 2*c, u*s = -4*c + 28. What is the units digit of s?
8
Let y(g) = g**2 - 5*g - 5. Let w be y(6). Let v be (1 - 2)*-5*w. Suppose -22 = -4*a + v*j, -2*j + 15 = 3*a - 5*j. What is the units digit of a?
3
Suppose 4*l - 550 = -2*v, v - 51 = -5*l + 227. What is the tens digit of v?
7
Let v(p) = 12*p**2 + 25*p + 5. What is the hundreds digit of v(-6)?
2
Let r be 2/(-2)*(2 - 5). Suppose 0 = 2*q + r*q - 60. What is the units digit of q?
2
Let j be 4/(-14) + (-10)/(-35). Suppose f + 6 = -j*f. Let b = -2 - f. What is the units digit of b?
4
Let n = 2 - 2. Suppose n = -3*r + 2*z + 6, r - z = z + 2. Suppose r*c = -0*c + 4. What is the units digit of c?
2
Let i = 1 - -2. Let h(f) = 5 - 33*f**2 + 3*f + 58*f**2 - 26*f**2 - 4. What is the units digit of h(i)?
1
Suppose 2*g + 3*g + 5*t = 740, g + 2*t - 148 = 0. What is the hundreds digit of g?
1
Suppose -10*s + 19*s - 2385 = 0. What is the hundreds digit of s?
2
Suppose 3*q - 33 = -0*q. Let o = q + -4. What is the units digit of o?
7
Let n(o) = o - 4. Let q be n(-4). Let d(a) = a**3 + 8*a**2 - 2*a + 2. What is the units digit of d(q)?
8
Let n be (-3 - 1)/2 + -1. What is the tens digit of (-2 - n)*-3 - -20?
1
Let y(r) = -34*r + 2. Let m be y(2). What is the units digit of 8/6*m/(-4)?
2
Let k = 56 + 14. Let f = k - 14. What is the units digit of (2/(-4))/((-4)/f)?
7
What is the units digit of -2 - 2 - (-31 + 2)?
5
Suppose -1869 = -8*q - 469. What is the tens digit of q?
7
Suppose 1 + 19 = 5*x. Suppose -x*g = -9*g + 30. What is the units digit of g?
6
Let k = -1 + 8. What is the tens digit of 69/4 + k/(-28)?
1
Let y = 91 + -50. Let z = y - 3. What is the tens digit of z?
3
Let s = 0 + 8. Let n = 7 - 5. Let x = s - n. What is the units digit of x?
6
Suppose -5*q - 49 = -4*d, -d + 3*q + 26 = -q. Let v be 4/(d/(-3)) + 22. Suppose -2*z = -10, 4*g = -2*z + v - 6. What is the units digit of g?
1
Let c(l) = 5*l + 9. Let f be c(9). Let q = f - 24. What is the units digit of q?
0
What is the tens digit of (-7429)/(-152) - (-1)/8?
4
Let a = 27 + 98. What is the hundreds digit of a?
1
Let b(n) = 8 - 2*n + 14*n**2 - n**3 - 5*n - 8*n + 4*n. What is the tens digit of b(13)?
3
Let g(q) = 11*q + 1. What is the tens digit of g(8)?
8
What is the tens digit of 7 + (-23)/3 - 382/(-6)?
6
What is the units digit of ((-66)/(-77))/(3/14)?
4
Suppose -3*f + i - 31 = 54, 2*f + 59 = 3*i. Let d = f + 46. What is the tens digit of d?
1
Suppose 3*c - 2 = 3*x - 2*x, -4*x + 4*c + 8 = 0. Let n = 4 + x. Let v = 0 + n. What is the units digit of v?
8
Let n(x) = 12*x**3 + 3*x**2 - 5*x + 3. What is the tens digit of n(2)?
0
Suppose -2*s + 50 = -68. What is the tens digit of s?
5
Suppose -w = 7*w - 256. What is the units digit of w?
2
Let l(g) be the second derivative of -g**4/12 - 5*g**3/3 - 7*g**2/2 + 5*g. What is the tens digit of l(-5)?
1
Suppose -5*q = -0*j + j - 19, 16 = 3*q - 4*j. Let r = -94 - -97. Suppose q*m = r*w - 36, -3*m = -5*w + 2*m + 55. What is the units digit of w?
8
Let z(t) = 4*t - 3. Let d be (24/20)/(6/20). Suppose -y + 1 = 0, h - 5*h + 12 = d*y. What is the units digit of z(h)?
5
Suppose 0 = 6*f - 3*f. Suppose 26 = 2*m - 2*s - f*s, 20 = 2*m - 5*s. Suppose -18 = -4*k - 2*v, 0 = -v - 2*v - m. What is the units digit of k?
7
Suppose 3*j - 3 = -0. Suppose 5*t - j = -2*b, 2*t - 6*t + 2 = 2*b. What is the units digit of b?
3
Suppose 3*o - 10 = o - 4*f, -9 = -3*o - 3*f. Let m be 8/(-16)*(o - -1). What is the units digit of m/(-2)*(-3 - -5)?
1
Suppose 108 = 4*o + 2*s, -2*s - 92 = -5*o + o. Let b = o - 11. Suppose -5*q = b - 89. What is the units digit of q?
5
Let a = -4 - -9. Suppose a*v = 4*v + 20. What is the units digit of v?
0
What is the tens digit of 440/